lculate w(2).
12
Let y(b) = -8 - 8*b**3 + 12*b**3 + 2*b**3 - 7*b**2 - 8*b - 5*b**3. Determine y(8).
-8
Let t(n) = n**3 - n. Let w = 10 - 9. Let m(k) = 7*k**3 - k**2 - 7*k + 4. Let o(y) = w*m(y) - 6*t(y). Suppose 0 = -f + 4*f. Give o(f).
4
Let w(o) be the third derivative of 0*o + 0 - 1/6*o**4 + 3*o**2 + 1/60*o**5 + 7/720*o**6 + 0*o**3. Let s(t) be the second derivative of w(t). Determine s(-2).
-12
Let u(r) = -8*r**2 + 1. Let y be 2/(-7) - (-170)/7. Suppose 0 = 6*l + y - 6. Let i(v) = -v**2 - 4*v - 4. Let p be i(l). What is u(p)?
-7
Let u(n) = n**3 + 2*n**2 - 15*n - 5*n**2 + 4*n**2 - 2*n**2 + 3*n**2 + 5. What is u(-5)?
5
Let q(o) = o**3 + 4*o**2 - 6*o - 1. Let j(r) = -4*r**2 - 32*r + 31. Let h be j(-9). Give q(h).
4
Let d(t) be the third derivative of t**6/10 + t**4/12 + t**3/2 + 520*t**2. Determine d(-1).
-11
Let c(s) = -s**3 - s**2 - 3*s - 1. Let a be 5*9*1/(-15). What is c(a)?
26
Let s = 32 + -15. Let t be 2/s - (-294)/102. Let b(n) = -3*n - n**t + 19 + 2*n**2 - 16 + 2*n**2. Determine b(3).
3
Let a(k) be the third derivative of k**5/60 - k**4/3 - 2*k**3 - k**2 + 45. Give a(9).
-3
Let y(b) = -3*b. Let m(c) = 2*c. Suppose 0*t = -3*t - 9. Let u(g) = t*y(g) - 2*m(g). Suppose 2*w - 5*s + 17 = 0, -2 = -2*s + 4. Give u(w).
-5
Let g(i) = -2*i + 24. Let z(d) = -3*d + 36. Let q(m) = -7*g(m) + 5*z(m). What is q(11)?
1
Let c(y) = y**3 - 5*y**2 + 5*y - 2. Suppose 146*x = 132*x + 70. Determine c(x).
23
Let x(d) = d + 5*d - 44 + 46 + d**2. What is x(-7)?
9
Let v be (-4)/26 - (-2)/13. Let w(c) = 6 - c + v*c + 0*c. Suppose -8*i - 4 = -4. Give w(i).
6
Suppose -2*z - 3*n + 6*n + 14 = 0, 5*z + 3*n + 7 = 0. Let x = 175 + 155. Let w(j) = j + 332*j**3 + j - x*j**3 - j**2 - 1. Calculate w(z).
2
Let i be 12/9*(-1 + 4). Suppose -i = -4*b, 0*b - 2*b = -4*a + 10. Let d(q) = -q + 1. What is d(a)?
-2
Let y(m) = -10*m - 1. Suppose -25 = 12*u + 13*u. Give y(u).
9
Let l(v) = 65*v + 19. Let p(c) = 23*c + 7. Let x(o) = 6*l(o) - 17*p(o). Give x(6).
-11
Suppose 6 = -o - 0*o + 5*w, 5*o = -5*w + 30. Let c(i) = 4 - 5*i**2 + i**3 - 4*i - o*i + i**2 + 3*i. Give c(5).
4
Let q(c) = -4*c - 1. Let v(w) = -w**3 + 8*w**2 + w - 10. Let x be v(8). What is q(x)?
7
Let n be -3 - -7*(-4 - -5). Suppose 2*s + z = -10, z = -s - 0*z - n. Let l(c) be the first derivative of c**2/2 + 3*c - 1. What is l(s)?
-3
Let t(d) = -4*d**3 + 3*d**3 + 1 + 2 - 10*d**2 - 4 - 8 - 10*d. Give t(-9).
0
Let m(q) = q**2 - 2*q - 3. Let b be m(-2). Let z(p) = -p**3 + 7*p**2 - 5*p + 3. Let t be z(b). Let d be (-23)/7 + 8/t. Let c(y) = y + 7. Calculate c(d).
4
Let o(q) = 4*q + 1. Suppose 30 = g + 5*g. Let r(x) be the second derivative of 3*x**3/2 + x**2 - 2*x. Let n(p) = g*o(p) - 2*r(p). Determine n(-6).
-11
Let i be (1 + -2)*(-4 + 2). Let n(b) = -3 + 3*b - 9*b + 2 + b**i + 5. Let p = 180 - 177. Determine n(p).
-5
Let v(q) be the third derivative of q**6/30 - q**5/30 - q**4/24 + 5*q**3/6 + 2*q**2 - 153*q. Calculate v(2).
27
Suppose -3 - 61 = 4*s. Let c be (-16)/s*(-1 - -3). Let w(i) = 4*i - 1. Calculate w(c).
7
Let g(c) = -c - 2. Let y be g(-4). Suppose -3 - 22 = 5*z, -y*i + z = -11. Let q(p) = -i - p - p + p**2 + 0 + 1. Calculate q(3).
1
Let z(u) = 22*u - 1. Let q be 5 - (10 + (-9 - -3)). Give z(q).
21
Let m(h) = 2*h + 5. Let b(p) = -p - 2. Let z(f) = -11*b(f) - 6*m(f). Calculate z(0).
-8
Let q(p) = 21 - 17 + 9 + p. Give q(-14).
-1
Let z = 9 - 16. Let a(u) = -27*u + 13. Let d(g) = -7*g - 1. Let p(o) = -a(o) + 4*d(o). Calculate p(z).
-10
Suppose 2*u + s + 11 = 3, 5*u + 27 = s. Suppose 0*v = -l + v + 4, -3*l - 3*v = -18. Let q(o) = -l*o + 2 + 12*o - 3*o - 3*o. Determine q(u).
-3
Let f(o) be the first derivative of o**2/2 - 2*o - 32. Determine f(1).
-1
Let v(d) = -2*d**2 + 8*d + 9. Let u be v(5). Let z(i) = -4*i**3 + i**2 + i + 1. Calculate z(u).
5
Let t(f) = 3*f**2 + 5*f**2 - 5*f**2 + 5*f**2 - 8*f**3 + 8 - 8*f + 9*f**3. Give t(-9).
-1
Let w(u) be the second derivative of -u**4/12 + 2*u**3/3 + 7*u**2/2 + 12*u. Suppose -2*b = x + 4*x - 23, 3*x + 2*b = 13. Determine w(x).
2
Let h be (3/((-6)/(-8)))/(-7 + 8). Suppose h = -x + 5*x. Let d(v) = 6*v**3 + v - 1. Determine d(x).
6
Let n(v) = -v + 1. Let w = -564 + 555. Calculate n(w).
10
Let l(g) = g**2 - 14*g. Let b = 981 + -971. Determine l(b).
-40
Let a(h) = -17*h + 13. Let z(q) = -q + 3. Let i(f) = a(f) - 4*z(f). Give i(-1).
14
Let u(a) = -7 - 4 + 7 + 3 + 3*a. What is u(8)?
23
Let j = 479 + -471. Let a(c) = -c**3 + 9*c**2 - 9*c + 11. Give a(j).
3
Suppose -3*k + 19 = -2*v, -9 = 6*v - 3*v + 2*k. Let b(s) = 4*s - 3. Calculate b(v).
-23
Let j(c) = -c - 14. Let i be 1*-9*(-54)/(-81). Give j(i).
-8
Let x(a) = -80343*a + 0 + 80342*a + 18. Calculate x(19).
-1
Let b be (-1 - (-2)/4)/((-1)/2). Let j(v) be the second derivative of -17*v**5/20 + v**4/6 - v**3/3 + v**2/2 - 5*v. Determine j(b).
-16
Let i(v) = -5*v + 3 + v**2 + 208*v**3 - 5 - 209*v**3 + 4 - 7*v**2. What is i(-4)?
-10
Let j(g) = 2*g - 47. Let k be j(21). Let a(n) = n**3 + 5*n**2 - 3*n - 9. Calculate a(k).
6
Let o(u) = -u**2 + 5*u - 5. Let s(t) = t**2 - 5*t + 5. Let l(n) = 5*o(n) + 4*s(n). Determine l(4).
-1
Let f = 12 + -8. Suppose -f*n = -n + 3. Let b be -5 - (n + 0 + 1). Let u(t) = 2*t + 7. Determine u(b).
-3
Let p(u) = -u**2 - u + 2. Suppose -3 = -x - w, w + 4 = -w. Let t be 4 + ((-9)/(-3) - x). Give p(t).
-4
Let m(x) = -21 - 1 + 19 + 6*x + 5 + 4. Calculate m(-2).
-6
Let f(u) = -u**2 - 9*u - 2. Let q(h) = 53*h**3 + h**2 + 4*h - 3. Let m be q(1). Suppose -m = 20*d + 105. Determine f(d).
6
Let n(d) = 12*d - 18181 - 2*d + 18186 - d**2. Determine n(11).
-6
Suppose p + 0 - 2 = 0. Let o(c) be the second derivative of c**4/6 + c**3/3 - 3*c**2/2 - 4451*c. Give o(p).
9
Let u(l) be the first derivative of -l**5/60 + l**4/24 + l**3 + 17*l**2/2 - 11. Let v(k) be the second derivative of u(k). What is v(0)?
6
Let b(w) = 8*w + 9. Let m(x) = 7*x + 7. Let c(y) = -3*b(y) + 4*m(y). Let t(a) = -a**2 + 2*a + 14. Let q be t(5). Give c(q).
-3
Suppose -2*s + 15 = s. Let u(l) be the second derivative of l**3/3 - 2*l**2 + 15*l. Give u(s).
6
Let d(t) = -t**2 - 6*t - 8. Let r be d(-6). Let o be ((-1)/2)/(1/r). Let f(j) be the third derivative of j**5/60 + j**3/6 - j**2 - 4. What is f(o)?
17
Suppose -7 + 13 = 3*b. Let q(c) = -c**2 - 6*c - 5. Let l(v) = 3*v**2 + 13*v + 9. Let a(w) = b*l(w) + 5*q(w). Give a(5).
-2
Let v(m) = m**3 + 4*m**2 + 2*m + 1. Let h(g) = 3*g - 12. Let n be h(7). Let i(y) = y**3 - 10*y**2 + 9*y - 3. Let l be i(n). Determine v(l).
4
Let l(v) = v**2 + 5*v + 5. Let m(q) = -q**3 + 20*q**2 - q + 16. Let h(d) = 3*d - 22. Let z be h(14). Let c be m(z). Determine l(c).
1
Let i(s) = s**3 + 7*s**2 - 3*s + 13. Suppose 4*m + 5*f = -32, 17*f = 12*f. What is i(m)?
-27
Let g = -9 - -38. Let y = -29 + g. Let m(a) be the first derivative of a**3/3 - a**2/2 - 5*a - 2. Give m(y).
-5
Let o = 0 + 6. Let f(s) be the second derivative of s**5/60 - 7*s**4/24 + 3*s**3/2 + 6*s**2 + 3*s. Let r(a) be the first derivative of f(a). Give r(o).
3
Let q(v) be the second derivative of -v**5/20 + 5*v**4/6 + 3*v**2/2 - 359*v. What is q(10)?
3
Let z = -173 + 162. Let q(i) = i**3 + 10*i**2 - 9*i + 10. What is q(z)?
-12
Suppose 58*n = 118*n - 64*n. Let l(r) = r**3 - 8. Determine l(n).
-8
Suppose 0 = 289*m - 291*m. Let j(w) be the second derivative of m + 3/2*w**2 + 0*w**3 - w + 1/12*w**4. Determine j(0).
3
Suppose -50 = -6*m - 20. Let q(c) = c**2 - 4*c - 7. Calculate q(m).
-2
Let p = 438 + -438. Let j(z) be the second derivative of -5*z - 1/20*z**5 + p + 0*z**3 + z**2 + 0*z**4. Calculate j(2).
-6
Let d(o) = 3*o - 3*o + 8*o**3 + o**2. Suppose -3*g + 4*h = -h - 16, -5*h - 28 = -4*g. Let y(j) = j**2 - 13*j + 13. Let n be y(g). Give d(n).
9
Let x(g) = g**3 - 4*g**2 + 9*g + 3. Let k(f) = -2*f. Let p(w) = w. Let m(y) = -2*k(y) - 3*p(y). Let c(n) = 5*m(n) - x(n). Calculate c(4).
-19
Let z be 1/((-6)/(-15))*(-6)/(-5). Let b(f) = -2*f**3 + 5*f**2 - f - 2. Let j(l) = l**3 - 5*l**2 + 2*l + 1. Let s(w) = z*j(w) + 2*b(w). Calculate s(-6).
11
Let j(i) = -7 + 7*i + 3 + 3*i - 16*i. What is j(-4)?
20
Let t(s) = -s + 1. Let b be 11/(-4) + 10/(-40). Give t(b).
4
Let l(a) = -a + 4. Let z be 3 + (4 - 47) + -4. Let y = -35 - z. Calculate l(y).
-5
Suppose -r - 8 = -3*a, -2*r - 8 = -0*r + 2*a. Let s(u) = -u. Let w be s(r). Let o(l) = 2*l - 2. What is o(w)?
8
Let n(s) = -s**3 + s**2 - s + 1.